x(-8). Suppose -j = -21*k + 15*k. Is k composite?
False
Let b be 3 + 6/(-2) + 12. Let k(l) = 5*l**2 + 3*l**2 + b - 15*l - l**2 - 3*l**2. Is k(11) prime?
True
Let a(j) = -317*j**3 - j**2 - 3*j - 1. Is a(-2) prime?
False
Suppose 293 + 248 = t. Is t composite?
False
Suppose -2*i - t + 42428 = 2*t, 5*t = 4*i - 84834. Is i composite?
False
Suppose -6 = -3*q + 36. Let g(m) = -q*m - 11*m**2 - 16*m**3 - 9*m**3 - 5 + 24*m**3. Is g(-11) prime?
True
Let d be (6/(-4))/(2/(-4)). Let c(f) = -7*f - 93. Let s be c(-14). Suppose 0 = -5*h + 10, d*h - s = v - 30. Is v composite?
False
Let s = -20163 - -5227. Is 2/6 + s/(-3) composite?
True
Is 26557 + (11 - 2) + -9 composite?
False
Let k(w) = 47*w**2 - 22*w - 91. Is k(-36) a composite number?
False
Suppose 0 = 3*z - 2*z - 2. Let j(g) = 85*g**2 + 3*g - 5. Is j(z) prime?
False
Suppose 0*a + 0*a = -a. Suppose -989 = -p + 4*y, a*y - 4*y = 0. Is p composite?
True
Is (-74256)/(-36) + (-2 - 12/(-9)) prime?
False
Let q = -44 + 119. Let g = q + 236. Suppose f - 2*a = g, 0*a = f + a - 305. Is f a prime number?
True
Let s be (0 - (-7 - 0)) + 1. Let o = s + -6. Suppose 0 = 5*d - 2*h - 1289, o*h - 1146 = -5*d + 135. Is d a prime number?
True
Let v be ((-9)/6)/((-3)/(-12)). Is v + 8 + 2 + 1279 a composite number?
False
Suppose 0 = k - 5*p - 22, 4*k - 5 = p + 7. Let c be 55/(-10)*-1*k. Let v = 74 + c. Is v a composite number?
True
Let m(u) = 0 + 1 - 18843*u + 6 + 18830*u - 2. Let a = -22 - -14. Is m(a) prime?
True
Suppose -10 = -10*z + 5*z. Suppose 3 = s - z. Suppose 6*q = s*q + 46. Is q a prime number?
False
Let p be (-5)/(-30) + 3/(-18). Suppose x - 3 = -8, 5*x - 211 = -4*t. Let g = t - p. Is g prime?
True
Suppose 0*q + 4*q = -16. Let o be ((-64)/(-12))/q*-207. Suppose 0 = 8*r - 4*r - o. Is r a prime number?
False
Suppose -47*v = -15485 - 100652. Is v a prime number?
False
Suppose 3*v - 2*b + 289 = 4910, 3*b + 3074 = 2*v. Is v prime?
True
Suppose 43235 = -10*u - 12615. Is 2/(-5) + u/(-25) a prime number?
True
Suppose -19 = -2*v - 15. Suppose 4*t - v*t = -28. Let y = t - -83. Is y prime?
False
Is (44/(-4) - -6) + 24664 a composite number?
False
Let w(v) = 4*v**2 + 10*v + 79. Is w(-10) a composite number?
False
Is (26/39)/(2/269601) a composite number?
False
Let q(a) be the first derivative of a**4/4 + 7*a**3/6 + 5*a**2/2 - a + 2. Let k(n) be the first derivative of q(n). Is k(-4) composite?
True
Let a(l) = -620*l - 21. Suppose -8*g = 2*g + 70. Is a(g) a prime number?
False
Let l(i) = 101*i**2 - 53*i + 61. Is l(25) a composite number?
False
Let m(z) = -7*z + 9. Let o be m(2). Is -2*83/o*(-100)/(-40) a composite number?
False
Let w(r) be the first derivative of -13*r**2/2 - r + 9. Is w(-12) prime?
False
Let d = -6972 + 11590. Is d prime?
False
Suppose -177*l = -165*l - 104964. Is l composite?
False
Let j(q) = -q**3 + 2*q**2 + 2*q - 2. Let u be j(2). Suppose -4*y + 17 = -5*z, 2*z + u*z = -4. Suppose 0 = -y*r - 2*r + 265. Is r composite?
False
Suppose 0 = 2*c + 5*j - 3*j - 14, 0 = 2*c + 4*j - 12. Let d = c + -6. Is 211 - (1 + d/(-2)) a prime number?
True
Suppose -846 = -2*u - 76. Let i = u + -543. Let k = -31 - i. Is k a prime number?
True
Suppose 34388 = 2*n + 15*u - 12*u, -85965 = -5*n - 5*u. Is n prime?
True
Let c = -2571 + 13112. Is c composite?
True
Suppose 0 = -4*n - k - 4*k + 3367, 2*n + k - 1691 = 0. Suppose -5*d = -13*d + n. Is d a prime number?
False
Suppose 4*l - 45 = 5*g, 4*l = -5*g + g + 36. Suppose -1143 = h - l*h. Is h a composite number?
False
Let o(s) = s**3 - 4*s**2 - 9*s + 3. Let c(v) = -v**2 + 4*v + 11. Let x be c(5). Let w be 45/x + (-3)/6. Is o(w) prime?
False
Is (-1383275)/(-275) + 24/(-22) a composite number?
True
Let y(a) = -a**2 - 8*a - 9. Let x be y(-6). Let s = -487 + 513. Suppose x*p - s = p. Is p a composite number?
False
Suppose 3*n - 12*i = -13*i + 15686, -15671 = -3*n + 2*i. Is n a prime number?
True
Let g = -283 + 755. Suppose 8*d + g - 4800 = 0. Is d a composite number?
False
Suppose -3046 = -2*n - y - 3*y, -y - 6128 = -4*n. Let l = n - 1016. Is l a prime number?
False
Suppose 4*z = -q + 6932, -z + 6932 = 3*z + 5*q. Is z a composite number?
False
Let n = -320 - -220. Let y be 14*1*369/18. Let z = n + y. Is z a prime number?
False
Let q = 3097 - -2526. Is q prime?
True
Let i be (-4 + 4 + -1)*5. Let v(w) = -2*w**3 + 3*w**2 + 3*w - 11. Let a be v(i). Suppose -5*z - k + a = k, -k = 2*z - 120. Is z a composite number?
False
Suppose 2*u = 2*h - 4 - 0, -4 = -2*u - 2*h. Suppose 4*w + 3*d + 3096 = -u*d, 5*d = 5*w + 3905. Let m = w - -1226. Is m a prime number?
True
Suppose 0 = -2*w + 2, 3 = -2*q + 4*q - 3*w. Suppose q*b - t + 21 = 0, -9 = -t - 2*t. Is (-203)/(-3) - (-4)/b prime?
True
Let a(u) = u + 16. Let b be a(-16). Let x(p) = -2*p + 22. Is x(b) prime?
False
Suppose 3*b - 436 = -5*u + b, 4*b - 184 = -2*u. Suppose z - u = 77. Is z a prime number?
True
Suppose n = 2*n + 8. Let a be (2/(-6))/(n/168). Is 8/(-28) + 779/a a prime number?
False
Suppose -2*p + 3*i + 17 = 0, -i - 15 - 8 = -2*p. Let m = p - 9. Suppose n = c + 110, 3*n + 0*c = m*c + 334. Is n composite?
True
Let v be (9/6)/(4*(-6)/(-37024)). Is 2 + (6 - 5) + v a composite number?
True
Let r(w) be the first derivative of 5*w**3/3 + 11*w**2 + 4*w + 31. Is r(-9) composite?
False
Let j = -528 - -5385. Is j a composite number?
True
Suppose x - 22433 = 4*p, -8*x + 5*x + 5*p + 67313 = 0. Is x a composite number?
False
Let r = 140990 + -70957. Is r a prime number?
False
Let h(n) = 5*n**3 - 27*n**2 - 4*n - 23. Let p(s) = 3*s**3 - 13*s**2 - 2*s - 11. Let o(i) = -4*h(i) + 7*p(i). Is o(-7) prime?
True
Suppose 2*g = -2*c - 2*g + 16, c - 5*g + 13 = 0. Suppose -c*s = -3*s + 44. Is -3 + (s - (-2)/(-1)) a composite number?
True
Let t = -8395 + 14188. Is t a prime number?
False
Is 739336/32 + (-6)/(-8) prime?
False
Let t(f) = 1155*f**2 - 16*f - 36. Is t(-3) a prime number?
False
Suppose -84*b + 171562 = 2*i - 83*b, 5*i = -2*b + 428905. Is i prime?
True
Let z be (1270/25)/((-2)/(-10)). Suppose 0 = -2*y - 0*y + z. Is y a prime number?
True
Let j(m) = m**3 + m**2 + 4*m - 5. Let h be j(3). Suppose -h = -2*r + 835. Is r a composite number?
False
Let a = -1915 + 7296. Is a a prime number?
True
Is (4/(-6))/((-12)/5958) prime?
True
Let z(u) = -u**2 + 8*u - 14. Let x be z(4). Suppose 3*y = 5*c - 4049, -2*y = -x*c - 7*y + 1632. Is c prime?
True
Let u = 9710 - 4741. Is u composite?
False
Suppose 58569 = -72*n + 75*n. Is n a prime number?
False
Let a be (-9)/6*(-20)/(-3). Let z(l) = 9*l**2 - 11*l - 2. Let t be z(a). Suppose h + t = 3*k - 0*h, 1682 = 5*k - h. Is k composite?
False
Let m(o) = -6*o**2 - 3 + 6 + 2 + o**3. Let l be m(6). Let x(i) = i**3 - 5*i**2 + 2*i + 4. Is x(l) prime?
False
Suppose 1209 = -5*x + 9529. Let f = -979 + x. Is f composite?
True
Suppose 0 = -z + 20 - 4. Suppose -h - 5*l + 417 = -0*h, -z = -4*l. Is h prime?
True
Suppose 20 + 0 = 5*s. Suppose -6*n = -s*n - 586. Is n a composite number?
False
Suppose -2*q - 10 = -24. Suppose 3*u = -3*o + q*u - 1106, -2*u = -2*o - 734. Let j = o - -595. Is j composite?
False
Let g(s) = -s**2 - 7*s - 8. Let k be g(-6). Is (-2 - k) + 3 + 51 - 1 a composite number?
False
Let z = 18 + -15. Suppose -4*s = -j - s + 8, 5*s = -z*j + 10. Suppose 3*r + 1275 = 2*k + 331, -j*k + 2343 = r. Is k composite?
True
Suppose -j + 8*f + 864 = 3*f, -2532 = -3*j + 3*f. Let q = -192 + j. Is q prime?
True
Suppose u - 9 = 128. Suppose -858 = 34*p - 23*p. Let s = p + u. Is s composite?
False
Let b = 3 - -15. Suppose 11*u = 9*u + b. Is (-1894)/(-3) + u/(-27) prime?
True
Suppose -14 - 1 = 3*x. Let u(n) = -4*n - 1 + 8*n**2 - 2 + 1 + 3*n**2. Is u(x) a composite number?
False
Let r be 102/21 - (-4)/28. Let y(t) = 15*t**3 + 3*t**2 - 4*t + 31. Is y(r) a prime number?
False
Is (-11)/(33/(-9)) + 260 composite?
False
Let y = 2584 + -293. Is y prime?
False
Suppose j - 3*v + 17 = 0, -8 = 4*j - 2*v + 20. Is (-20)/50 + (-437)/j composite?
True
Is -6 + (2 - 4 - -1981) composite?
False
Is 36/(9 - 3) - 2303*-11 a prime number?
True
Let d = -98 + 69. Let t = -24 - d. Suppose 10*h - t*h = 745. Is h composite?
False
Suppose 25 = 5*n - 35. Suppose -4*u + 7*d + 32 = 4*d, 0 = -4*u - 2*d + n. Suppose -5*v = 5*p - 210, u*v = -0*v - 5. Is p composite?
False
Let l(x) = x - 8. Let u be l(9). Is 305 - (-5 - (-4 + u)) a composite number?
False
Suppose 3 + 12 = 5*m. Suppos